Dec 02 21:50:58.423 INFO testing propertybindings-0.0.1 against master#8940af3cea4a9a9deabcaf843b2f8cad9a83fc61 for beta-1.31-5
Dec 02 21:50:58.423 INFO running `"docker" "create" "-v" "/mnt/big/crater/work/local/target-dirs/beta-1.31-5/worker-3/master#8940af3cea4a9a9deabcaf843b2f8cad9a83fc61:/target:rw,Z" "-v" "/mnt/big/crater/work/local/test-source/worker-3/beta-1.31-5/master#8940af3cea4a9a9deabcaf843b2f8cad9a83fc61:/source:ro,Z" "-v" "/mnt/big/crater/work/local/cargo-home:/cargo-home:ro,Z" "-v" "/mnt/big/crater/work/local/rustup-home:/rustup-home:ro,Z" "-e" "USER_ID=1000" "-e" "SOURCE_DIR=/source" "-e" "USER_ID=1000" "-e" "CMD=cargo +8940af3cea4a9a9deabcaf843b2f8cad9a83fc61-alt build --frozen" "-e" "CARGO_TARGET_DIR=/target" "-e" "CARGO_INCREMENTAL=0" "-e" "RUST_BACKTRACE=full" "-e" "RUSTFLAGS=--cap-lints=warn" "-e" "CARGO_HOME=/cargo-home" "-e" "RUSTUP_HOME=/rustup-home" "-m" "1536M" "--network" "none" "crater"`
Dec 02 21:50:58.955 INFO [stdout] c4bef7ab33d040756ed3b81496b91055d039e61203f851282a4f89fe502c5cc1
Dec 02 21:50:58.956 INFO running `"docker" "start" "-a" "c4bef7ab33d040756ed3b81496b91055d039e61203f851282a4f89fe502c5cc1"`
Dec 02 21:51:00.527 INFO [stderr] usermod: no changes
Dec 02 21:51:00.661 INFO [stderr]    Compiling proc-macro2 v0.3.8
Dec 02 21:51:00.662 INFO [stderr]    Compiling cpp_common v0.5.1
Dec 02 21:51:00.662 INFO [stderr]    Compiling qmetaobject_impl v0.0.4
Dec 02 21:51:05.336 INFO [stderr]    Compiling syn v0.13.11
Dec 02 21:51:14.887 INFO [stderr]    Compiling cpp_build v0.5.1
Dec 02 21:51:14.887 INFO [stderr]    Compiling cpp_macros v0.5.1
Dec 02 21:51:19.035 INFO [stderr]    Compiling cstr-macros v0.1.3
Dec 02 21:51:35.107 INFO [stderr]    Compiling cstr v0.1.4
Dec 02 21:51:42.388 INFO [stderr]    Compiling qmetaobject v0.0.4
Dec 02 21:51:42.389 INFO [stderr]    Compiling propertybindings v0.0.1 (/source)
Dec 02 21:51:45.753 INFO [stderr]    Compiling cpp v0.5.1
Dec 02 21:51:55.348 INFO [stderr] error: failed to run custom build command for `propertybindings v0.0.1 (/source)`
Dec 02 21:51:55.348 INFO [stderr] process didn't exit successfully: `/target/debug/build/propertybindings-51fd11e2aaebae92/build-script-build` (exit code: 101)
Dec 02 21:51:55.348 INFO [stderr] --- stdout
Dec 02 21:51:55.348 INFO [stderr] TARGET = Some("x86_64-unknown-linux-gnu")
Dec 02 21:51:55.348 INFO [stderr] OPT_LEVEL = Some("0")
Dec 02 21:51:55.348 INFO [stderr] HOST = Some("x86_64-unknown-linux-gnu")
Dec 02 21:51:55.349 INFO [stderr] CXX_x86_64-unknown-linux-gnu = None
Dec 02 21:51:55.349 INFO [stderr] CXX_x86_64_unknown_linux_gnu = None
Dec 02 21:51:55.349 INFO [stderr] HOST_CXX = None
Dec 02 21:51:55.349 INFO [stderr] CXX = None
Dec 02 21:51:55.349 INFO [stderr] CXXFLAGS_x86_64-unknown-linux-gnu = None
Dec 02 21:51:55.349 INFO [stderr] CXXFLAGS_x86_64_unknown_linux_gnu = None
Dec 02 21:51:55.349 INFO [stderr] HOST_CXXFLAGS = None
Dec 02 21:51:55.349 INFO [stderr] CXXFLAGS = None
Dec 02 21:51:55.349 INFO [stderr] DEBUG = Some("true")
Dec 02 21:51:55.349 INFO [stderr] CXX_x86_64-unknown-linux-gnu = None
Dec 02 21:51:55.349 INFO [stderr] CXX_x86_64_unknown_linux_gnu = None
Dec 02 21:51:55.349 INFO [stderr] HOST_CXX = None
Dec 02 21:51:55.349 INFO [stderr] CXX = None
Dec 02 21:51:55.349 INFO [stderr] CXXFLAGS_x86_64-unknown-linux-gnu = None
Dec 02 21:51:55.349 INFO [stderr] CXXFLAGS_x86_64_unknown_linux_gnu = None
Dec 02 21:51:55.349 INFO [stderr] HOST_CXXFLAGS = None
Dec 02 21:51:55.349 INFO [stderr] CXXFLAGS = None
Dec 02 21:51:55.349 INFO [stderr] running: "c++" "-O0" "-ffunction-sections" "-fdata-sections" "-fPIC" "-g" "-fno-omit-frame-pointer" "-m64" "-I" "/source" "-I" "/usr/include/qt4" "-Wall" "-Wextra" "-std=c++11" "-o" "/target/debug/build/propertybindings-6295852acbce44ad/out/rust_cpp/cpp_closures.o" "-c" "/target/debug/build/propertybindings-6295852acbce44ad/out/rust_cpp/cpp_closures.cpp"
Dec 02 21:51:55.349 INFO [stderr] cargo:warning=src/items.rs:473:30: fatal error: QtQuick/QQuickItem: No such file or directory
Dec 02 21:51:55.349 INFO [stderr] cargo:warning=compilation terminated.
Dec 02 21:51:55.349 INFO [stderr] exit code: 1
Dec 02 21:51:55.349 INFO [stderr] 
Dec 02 21:51:55.349 INFO [stderr] --- stderr
Dec 02 21:51:55.349 INFO [stderr] thread 'main' panicked at '
Dec 02 21:51:55.349 INFO [stderr] 
Dec 02 21:51:55.349 INFO [stderr] Internal error occurred: Command "c++" "-O0" "-ffunction-sections" "-fdata-sections" "-fPIC" "-g" "-fno-omit-frame-pointer" "-m64" "-I" "/source" "-I" "/usr/include/qt4" "-Wall" "-Wextra" "-std=c++11" "-o" "/target/debug/build/propertybindings-6295852acbce44ad/out/rust_cpp/cpp_closures.o" "-c" "/target/debug/build/propertybindings-6295852acbce44ad/out/rust_cpp/cpp_closures.cpp" with args "c++" did not execute successfully (status code exit code: 1).
Dec 02 21:51:55.349 INFO [stderr] 
Dec 02 21:51:55.349 INFO [stderr] ', /cargo-home/registry/src/github.com-1ecc6299db9ec823/cc-1.0.25/src/lib.rs:2260:5
Dec 02 21:51:55.349 INFO [stderr] stack backtrace:
Dec 02 21:51:55.349 INFO [stderr]    0:     0x7f49ceff390f - std::sys::unix::backtrace::tracing::imp::unwind_backtrace::h3a8b83e1922cbdde
Dec 02 21:51:55.349 INFO [stderr]                                at libstd/sys/unix/backtrace/tracing/gcc_s.rs:49
Dec 02 21:51:55.349 INFO [stderr]    1:     0x7f49cefd8897 - std::sys_common::backtrace::print::h00d3155a29b4020f
Dec 02 21:51:55.349 INFO [stderr]                                at libstd/sys_common/backtrace.rs:71
Dec 02 21:51:55.349 INFO [stderr]                                at libstd/sys_common/backtrace.rs:59
Dec 02 21:51:55.349 INFO [stderr]    2:     0x7f49ceffecef - std::panicking::default_hook::{{closure}}::hd7465c742e79e1bb
Dec 02 21:51:55.349 INFO [stderr]                                at libstd/panicking.rs:211
Dec 02 21:51:55.349 INFO [stderr]    3:     0x7f49ceffea54 - std::panicking::default_hook::h9e3966f2aa2a6e12
Dec 02 21:51:55.349 INFO [stderr]                                at libstd/panicking.rs:227
Dec 02 21:51:55.349 INFO [stderr]    4:     0x7f49cefff4e6 - std::panicking::rust_panic_with_hook::h587f091ae747d080
Dec 02 21:51:55.349 INFO [stderr]                                at libstd/panicking.rs:480
Dec 02 21:51:55.349 INFO [stderr]    5:     0x7f49cefff031 - std::panicking::continue_panic_fmt::hb3a4fdede87f43a8
Dec 02 21:51:55.349 INFO [stderr]                                at libstd/panicking.rs:390
Dec 02 21:51:55.349 INFO [stderr]    6:     0x7f49ceffef7e - std::panicking::begin_panic_fmt::h387afc7da9a10555
Dec 02 21:51:55.349 INFO [stderr]                                at libstd/panicking.rs:345
Dec 02 21:51:55.349 INFO [stderr]    7:     0x562e851c00d6 - cc::fail::haa9cf01fe99fc91f
Dec 02 21:51:55.349 INFO [stderr]                                at /cargo-home/registry/src/github.com-1ecc6299db9ec823/cc-1.0.25/src/lib.rs:2260
Dec 02 21:51:55.349 INFO [stderr]    8:     0x562e851ab23d - cc::Build::compile::h5b7a0fdfe2c2497a
Dec 02 21:51:55.349 INFO [stderr]                                at /cargo-home/registry/src/github.com-1ecc6299db9ec823/cc-1.0.25/src/lib.rs:933
Dec 02 21:51:55.349 INFO [stderr]    9:     0x562e84def8c4 - cpp_build::Config::build::h6c3379ccff755d76
Dec 02 21:51:55.349 INFO [stderr]                                at /cargo-home/registry/src/github.com-1ecc6299db9ec823/cpp_build-0.5.1/src/lib.rs:644
Dec 02 21:51:55.349 INFO [stderr]   10:     0x562e84ded13a - build_script_build::main::h22d24b99aeb6b18d
Dec 02 21:51:55.349 INFO [stderr]                                at /source/build.rs:35
Dec 02 21:51:55.349 INFO [stderr]   11:     0x562e84def2ef - std::rt::lang_start::{{closure}}::h5717bbef0fd0cabc
Dec 02 21:51:55.349 INFO [stderr]                                at libstd/rt.rs:74
Dec 02 21:51:55.349 INFO [stderr]   12:     0x7f49ceffeeb2 - std::panicking::try::do_call::h52e7f80ff0fdcc45
Dec 02 21:51:55.349 INFO [stderr]                                at libstd/rt.rs:59
Dec 02 21:51:55.349 INFO [stderr]                                at libstd/panicking.rs:310
Dec 02 21:51:55.349 INFO [stderr]   13:     0x7f49cf00ccd9 - __rust_maybe_catch_panic
Dec 02 21:51:55.349 INFO [stderr]                                at libpanic_unwind/lib.rs:102
Dec 02 21:51:55.349 INFO [stderr]   14:     0x7f49cefc4b8a - std::rt::lang_start_internal::h38cae898de7f805c
Dec 02 21:51:55.349 INFO [stderr]                                at libstd/panicking.rs:289
Dec 02 21:51:55.349 INFO [stderr]                                at libstd/panic.rs:392
Dec 02 21:51:55.349 INFO [stderr]                                at libstd/rt.rs:58
Dec 02 21:51:55.349 INFO [stderr]   15:     0x562e84def2c8 - std::rt::lang_start::h7bec94339718ef6e
Dec 02 21:51:55.349 INFO [stderr]                                at libstd/rt.rs:74
Dec 02 21:51:55.349 INFO [stderr]   16:     0x562e84ded9a9 - main
Dec 02 21:51:55.349 INFO [stderr]   17:     0x7f49ce79c82f - __libc_start_main
Dec 02 21:51:55.349 INFO [stderr]   18:     0x562e84decd78 - _start
Dec 02 21:51:55.349 INFO [stderr]   19:                0x0 - <unknown>
Dec 02 21:51:55.349 INFO [stderr] 
Dec 02 21:51:55.349 INFO [stderr] warning: build failed, waiting for other jobs to finish...
Dec 02 21:51:55.964 INFO [stderr] error: failed to run custom build command for `qmetaobject v0.0.4`
Dec 02 21:51:55.964 INFO [stderr] process didn't exit successfully: `/target/debug/build/qmetaobject-065a2134538870f8/build-script-build` (exit code: 101)
Dec 02 21:51:55.964 INFO [stderr] --- stdout
Dec 02 21:51:55.964 INFO [stderr] TARGET = Some("x86_64-unknown-linux-gnu")
Dec 02 21:51:55.964 INFO [stderr] OPT_LEVEL = Some("0")
Dec 02 21:51:55.964 INFO [stderr] HOST = Some("x86_64-unknown-linux-gnu")
Dec 02 21:51:55.964 INFO [stderr] CXX_x86_64-unknown-linux-gnu = None
Dec 02 21:51:55.964 INFO [stderr] CXX_x86_64_unknown_linux_gnu = None
Dec 02 21:51:55.964 INFO [stderr] HOST_CXX = None
Dec 02 21:51:55.964 INFO [stderr] CXX = None
Dec 02 21:51:55.964 INFO [stderr] CXXFLAGS_x86_64-unknown-linux-gnu = None
Dec 02 21:51:55.964 INFO [stderr] CXXFLAGS_x86_64_unknown_linux_gnu = None
Dec 02 21:51:55.964 INFO [stderr] HOST_CXXFLAGS = None
Dec 02 21:51:55.964 INFO [stderr] CXXFLAGS = None
Dec 02 21:51:55.964 INFO [stderr] DEBUG = Some("true")
Dec 02 21:51:55.964 INFO [stderr] CXX_x86_64-unknown-linux-gnu = None
Dec 02 21:51:55.964 INFO [stderr] CXX_x86_64_unknown_linux_gnu = None
Dec 02 21:51:55.964 INFO [stderr] HOST_CXX = None
Dec 02 21:51:55.964 INFO [stderr] CXX = None
Dec 02 21:51:55.964 INFO [stderr] CXXFLAGS_x86_64-unknown-linux-gnu = None
Dec 02 21:51:55.964 INFO [stderr] CXXFLAGS_x86_64_unknown_linux_gnu = None
Dec 02 21:51:55.964 INFO [stderr] HOST_CXXFLAGS = None
Dec 02 21:51:55.964 INFO [stderr] CXXFLAGS = None
Dec 02 21:51:55.964 INFO [stderr] running: "c++" "-O0" "-ffunction-sections" "-fdata-sections" "-fPIC" "-g" "-fno-omit-frame-pointer" "-m64" "-I" "/cargo-home/registry/src/github.com-1ecc6299db9ec823/qmetaobject-0.0.4" "-I" "/usr/include/qt4" "-Wall" "-Wextra" "-std=c++11" "-o" "/target/debug/build/qmetaobject-d4623350c8122d5d/out/rust_cpp/cpp_closures.o" "-c" "/target/debug/build/qmetaobject-d4623350c8122d5d/out/rust_cpp/cpp_closures.cpp"
Dec 02 21:51:55.964 INFO [stderr] cargo:warning=src/qtdeclarative.rs:23:31: fatal error: QtQuick/QtQuick: No such file or directory
Dec 02 21:51:55.964 INFO [stderr] cargo:warning=compilation terminated.
Dec 02 21:51:55.964 INFO [stderr] exit code: 1
Dec 02 21:51:55.964 INFO [stderr] 
Dec 02 21:51:55.964 INFO [stderr] --- stderr
Dec 02 21:51:55.964 INFO [stderr] thread 'main' panicked at '
Dec 02 21:51:55.964 INFO [stderr] 
Dec 02 21:51:55.964 INFO [stderr] Internal error occurred: Command "c++" "-O0" "-ffunction-sections" "-fdata-sections" "-fPIC" "-g" "-fno-omit-frame-pointer" "-m64" "-I" "/cargo-home/registry/src/github.com-1ecc6299db9ec823/qmetaobject-0.0.4" "-I" "/usr/include/qt4" "-Wall" "-Wextra" "-std=c++11" "-o" "/target/debug/build/qmetaobject-d4623350c8122d5d/out/rust_cpp/cpp_closures.o" "-c" "/target/debug/build/qmetaobject-d4623350c8122d5d/out/rust_cpp/cpp_closures.cpp" with args "c++" did not execute successfully (status code exit code: 1).
Dec 02 21:51:55.964 INFO [stderr] 
Dec 02 21:51:55.964 INFO [stderr] ', /cargo-home/registry/src/github.com-1ecc6299db9ec823/cc-1.0.25/src/lib.rs:2260:5
Dec 02 21:51:55.964 INFO [stderr] stack backtrace:
Dec 02 21:51:55.964 INFO [stderr]    0:     0x7f6bb44fd90f - std::sys::unix::backtrace::tracing::imp::unwind_backtrace::h3a8b83e1922cbdde
Dec 02 21:51:55.964 INFO [stderr]                                at libstd/sys/unix/backtrace/tracing/gcc_s.rs:49
Dec 02 21:51:55.964 INFO [stderr]    1:     0x7f6bb44e2897 - std::sys_common::backtrace::print::h00d3155a29b4020f
Dec 02 21:51:55.964 INFO [stderr]                                at libstd/sys_common/backtrace.rs:71
Dec 02 21:51:55.964 INFO [stderr]                                at libstd/sys_common/backtrace.rs:59
Dec 02 21:51:55.964 INFO [stderr]    2:     0x7f6bb4508cef - std::panicking::default_hook::{{closure}}::hd7465c742e79e1bb
Dec 02 21:51:55.964 INFO [stderr]                                at libstd/panicking.rs:211
Dec 02 21:51:55.964 INFO [stderr]    3:     0x7f6bb4508a54 - std::panicking::default_hook::h9e3966f2aa2a6e12
Dec 02 21:51:55.964 INFO [stderr]                                at libstd/panicking.rs:227
Dec 02 21:51:55.964 INFO [stderr]    4:     0x7f6bb45094e6 - std::panicking::rust_panic_with_hook::h587f091ae747d080
Dec 02 21:51:55.964 INFO [stderr]                                at libstd/panicking.rs:480
Dec 02 21:51:55.964 INFO [stderr]    5:     0x7f6bb4509031 - std::panicking::continue_panic_fmt::hb3a4fdede87f43a8
Dec 02 21:51:55.964 INFO [stderr]                                at libstd/panicking.rs:390
Dec 02 21:51:55.964 INFO [stderr]    6:     0x7f6bb4508f7e - std::panicking::begin_panic_fmt::h387afc7da9a10555
Dec 02 21:51:55.964 INFO [stderr]                                at libstd/panicking.rs:345
Dec 02 21:51:55.964 INFO [stderr]    7:     0x5619742d90d6 - cc::fail::haa9cf01fe99fc91f
Dec 02 21:51:55.964 INFO [stderr]                                at /cargo-home/registry/src/github.com-1ecc6299db9ec823/cc-1.0.25/src/lib.rs:2260
Dec 02 21:51:55.964 INFO [stderr]    8:     0x5619742c423d - cc::Build::compile::h5b7a0fdfe2c2497a
Dec 02 21:51:55.964 INFO [stderr]                                at /cargo-home/registry/src/github.com-1ecc6299db9ec823/cc-1.0.25/src/lib.rs:933
Dec 02 21:51:55.964 INFO [stderr]    9:     0x561973f088c4 - cpp_build::Config::build::h2e828a960144d790
Dec 02 21:51:55.964 INFO [stderr]                                at /cargo-home/registry/src/github.com-1ecc6299db9ec823/cpp_build-0.5.1/src/lib.rs:644
Dec 02 21:51:55.964 INFO [stderr]   10:     0x561973f0613a - build_script_build::main::h7ee049a7298b1da2
Dec 02 21:51:55.964 INFO [stderr]                                at /cargo-home/registry/src/github.com-1ecc6299db9ec823/qmetaobject-0.0.4/build.rs:35
Dec 02 21:51:55.964 INFO [stderr]   11:     0x561973f082ef - std::rt::lang_start::{{closure}}::h65c028629b2b7ad1
Dec 02 21:51:55.964 INFO [stderr]                                at libstd/rt.rs:74
Dec 02 21:51:55.964 INFO [stderr]   12:     0x7f6bb4508eb2 - std::panicking::try::do_call::h52e7f80ff0fdcc45
Dec 02 21:51:55.964 INFO [stderr]                                at libstd/rt.rs:59
Dec 02 21:51:55.964 INFO [stderr]                                at libstd/panicking.rs:310
Dec 02 21:51:55.964 INFO [stderr]   13:     0x7f6bb4516cd9 - __rust_maybe_catch_panic
Dec 02 21:51:55.964 INFO [stderr]                                at libpanic_unwind/lib.rs:102
Dec 02 21:51:55.964 INFO [stderr]   14:     0x7f6bb44ceb8a - std::rt::lang_start_internal::h38cae898de7f805c
Dec 02 21:51:55.964 INFO [stderr]                                at libstd/panicking.rs:289
Dec 02 21:51:55.965 INFO [stderr]                                at libstd/panic.rs:392
Dec 02 21:51:55.965 INFO [stderr]                                at libstd/rt.rs:58
Dec 02 21:51:55.965 INFO [stderr]   15:     0x561973f082c8 - std::rt::lang_start::h0c9d35b788a95e60
Dec 02 21:51:55.965 INFO [stderr]                                at libstd/rt.rs:74
Dec 02 21:51:55.965 INFO [stderr]   16:     0x561973f069a9 - main
Dec 02 21:51:55.965 INFO [stderr]   17:     0x7f6bb3ca682f - __libc_start_main
Dec 02 21:51:55.965 INFO [stderr]   18:     0x561973f05d78 - _start
Dec 02 21:51:55.965 INFO [stderr]   19:                0x0 - <unknown>
Dec 02 21:51:55.965 INFO [stderr] 
Dec 02 21:51:55.965 INFO [stderr] su: No module specific data is present
Dec 02 21:51:56.251 INFO running `"docker" "inspect" "c4bef7ab33d040756ed3b81496b91055d039e61203f851282a4f89fe502c5cc1"`
Dec 02 21:51:56.336 INFO running `"docker" "rm" "-f" "c4bef7ab33d040756ed3b81496b91055d039e61203f851282a4f89fe502c5cc1"`
Dec 02 21:51:56.433 INFO [stdout] c4bef7ab33d040756ed3b81496b91055d039e61203f851282a4f89fe502c5cc1
